CRAN Package Check Results for Package rsatscan

Last updated on 2019-07-16 07:51:03 CEST.

Flavor Version Tinstall Tcheck Ttotal Status Flags
r-devel-linux-x86_64-debian-clang 0.3.9200 1.94 25.15 27.09 NOTE
r-devel-linux-x86_64-debian-gcc 0.3.9200 1.72 20.58 22.30 NOTE
r-devel-linux-x86_64-fedora-clang 0.3.9200 33.54 NOTE
r-devel-linux-x86_64-fedora-gcc 0.3.9200 32.80 NOTE
r-devel-windows-ix86+x86_64 0.3.9200 7.00 35.00 42.00 NOTE
r-patched-linux-x86_64 0.3.9200 1.85 25.26 27.11 NOTE
r-patched-solaris-x86 0.3.9200 51.90 NOTE
r-release-linux-x86_64 0.3.9200 2.12 25.08 27.20 NOTE
r-release-windows-ix86+x86_64 0.3.9200 5.00 50.00 55.00 NOTE
r-release-osx-x86_64 0.3.9200 NOTE
r-oldrel-windows-ix86+x86_64 0.3.9200 7.00 31.00 38.00 NOTE
r-oldrel-osx-x86_64 0.3.9200 NOTE

Check Details

Version: 0.3.9200
Check: R code for possible problems
Result: NOTE
    stripslash: no visible global function definition for 'tail'
    Undefined global functions or variables:
     tail
    Consider adding
     importFrom("utils", "tail")
    to your NAMESPACE file.
Flavors: r-devel-linux-x86_64-debian-clang, r-devel-linux-x86_64-debian-gcc, r-devel-linux-x86_64-fedora-clang, r-devel-linux-x86_64-fedora-gcc, r-devel-windows-ix86+x86_64, r-patched-linux-x86_64, r-patched-solaris-x86, r-release-linux-x86_64, r-release-windows-ix86+x86_64, r-release-osx-x86_64, r-oldrel-windows-ix86+x86_64, r-oldrel-osx-x86_64