CRAN Package Check Results for Package rsparse

Last updated on 2019-07-16 07:51:03 CEST.

Flavor Version Tinstall Tcheck Ttotal Status Flags
r-devel-linux-x86_64-debian-clang 0.3.3.1 127.30 101.85 229.15 OK
r-devel-linux-x86_64-debian-gcc 0.3.3.1 101.14 78.11 179.25 OK
r-devel-linux-x86_64-fedora-clang 0.3.3.1 313.99 NOTE
r-devel-linux-x86_64-fedora-gcc 0.3.3.1 306.02 OK
r-devel-windows-ix86+x86_64 0.3.3.1 344.00 175.00 519.00 NOTE
r-patched-linux-x86_64 0.3.3.1 120.77 97.18 217.95 OK
r-patched-solaris-x86 0.3.3.1 2158.80 ERROR
r-release-linux-x86_64 0.3.3.1 120.44 99.27 219.71 OK
r-release-windows-ix86+x86_64 0.3.3.1 260.00 220.00 480.00 NOTE
r-release-osx-x86_64 0.3.3.1 NOTE
r-oldrel-windows-ix86+x86_64 0.3.3.1 323.00 161.00 484.00 NOTE
r-oldrel-osx-x86_64 0.3.3.1 NOTE

Additional issues

rcnst

Check Details

Version: 0.3.3.1
Check: installed package size
Result: NOTE
     installed size is 5.8Mb
     sub-directories of 1Mb or more:
     libs 5.1Mb
Flavors: r-devel-linux-x86_64-fedora-clang, r-devel-windows-ix86+x86_64, r-release-windows-ix86+x86_64, r-release-osx-x86_64, r-oldrel-windows-ix86+x86_64, r-oldrel-osx-x86_64

Version: 0.3.3.1
Check: tests
Result: ERROR
     Running ‘testthat.R’ [31m/33m]
    Running the tests in ‘tests/testthat.R’ failed.
    Complete output:
     > Sys.setenv("R_TESTS" = "")
     > library(testthat)
     > library(rsparse)
     > library(data.table)
     > library(Matrix)
     > options(rsparse_omp_threads = 1L)
     > logger = lgr::get_logger('rsparse')
     > logger$set_threshold('warn')
     > data("movielens100k")
     > test_check("rsparse")
Flavor: r-patched-solaris-x86