CRAN Package Check Results for Package seasonal

Last updated on 2019-07-16 07:51:04 CEST.

Flavor Version Tinstall Tcheck Ttotal Status Flags
r-devel-linux-x86_64-debian-clang 1.7.0 5.52 50.10 55.62 OK
r-devel-linux-x86_64-debian-gcc 1.7.0 3.73 39.65 43.38 OK
r-devel-linux-x86_64-fedora-clang 1.7.0 67.45 OK
r-devel-linux-x86_64-fedora-gcc 1.7.0 65.99 OK
r-devel-windows-ix86+x86_64 1.7.0 11.00 82.00 93.00 OK
r-patched-linux-x86_64 1.7.0 3.66 50.16 53.82 OK
r-patched-solaris-x86 1.7.0 69.40 OK
r-release-linux-x86_64 1.7.0 4.41 50.53 54.94 OK
r-release-windows-ix86+x86_64 1.7.0 9.00 120.00 129.00 OK
r-release-osx-x86_64 1.7.0 NOTE
r-oldrel-windows-ix86+x86_64 1.7.0 12.00 81.00 93.00 OK
r-oldrel-osx-x86_64 1.7.0 OK

Check Details

Version: 1.7.0
Check: package dependencies
Result: NOTE
    Package suggested but not available for checking: ‘seasonalview’
Flavor: r-release-osx-x86_64

Version: 1.7.0
Check: Rd cross-references
Result: NOTE
    Package unavailable to check Rd xrefs: ‘seasonalview’
Flavor: r-release-osx-x86_64