CRAN Package Check Results for Package selectiveInference

Last updated on 2021-10-22 07:51:57 CEST.

Flavor Version Tinstall Tcheck Ttotal Status Flags
r-devel-linux-x86_64-debian-clang 1.2.5 53.54 115.76 169.30 OK
r-devel-linux-x86_64-debian-gcc 1.2.5 38.83 86.20 125.03 OK
r-devel-linux-x86_64-fedora-clang 1.2.5 236.50 OK
r-devel-linux-x86_64-fedora-gcc 1.2.5 197.01 OK
r-devel-windows-x86_64 1.2.5 77.00 125.00 202.00 OK
r-devel-windows-x86_64-gcc10-UCRT 1.2.5 NOTE
r-patched-linux-x86_64 1.2.5 49.13 111.30 160.43 OK
r-patched-solaris-x86 1.2.5 240.30 OK
r-release-linux-x86_64 1.2.5 45.55 108.79 154.34 OK
r-release-macos-arm64 1.2.5 OK
r-release-macos-x86_64 1.2.5 OK
r-release-windows-ix86+x86_64 1.2.5 83.00 193.00 276.00 OK
r-oldrel-macos-x86_64 1.2.5 OK
r-oldrel-windows-ix86+x86_64 1.2.5 114.00 188.00 302.00 OK

Check Details

Version: 1.2.5
Check: line endings in C/C++/Fortran sources/headers
Result: NOTE
    Found the following sources/headers with CR or CRLF line endings:
     src/RcppExports.cpp
    Some Unix compilers require LF line endings.
Flavor: r-devel-windows-x86_64-gcc10-UCRT