CRAN Package Check Results for Package sensitivityPStrat

Last updated on 2021-10-21 07:50:09 CEST.

Flavor Version Tinstall Tcheck Ttotal Status Flags
r-devel-linux-x86_64-debian-clang 1.0-6 14.04 116.45 130.49 NOTE
r-devel-linux-x86_64-debian-gcc 1.0-6 10.02 86.63 96.65 NOTE
r-devel-linux-x86_64-fedora-clang 1.0-6 163.46 NOTE
r-devel-linux-x86_64-fedora-gcc 1.0-6 150.40 NOTE
r-devel-windows-x86_64 1.0-6 19.00 119.00 138.00 NOTE
r-devel-windows-x86_64-gcc10-UCRT 1.0-6 NOTE
r-patched-linux-x86_64 1.0-6 12.54 110.92 123.46 NOTE
r-patched-solaris-x86 1.0-6 207.30 NOTE
r-release-linux-x86_64 1.0-6 12.37 111.74 124.11 NOTE
r-release-macos-arm64 1.0-6 NOTE
r-release-macos-x86_64 1.0-6 NOTE
r-release-windows-ix86+x86_64 1.0-6 19.00 210.00 229.00 NOTE
r-oldrel-macos-x86_64 1.0-6 NOTE
r-oldrel-windows-ix86+x86_64 1.0-6 26.00 207.00 233.00 NOTE

Check Details

Version: 1.0-6
Check: R code for possible problems
Result: NOTE
    plot.sensitivity.2.0d: no visible global function definition for 'gray'
    sensitivitySGD: no visible global function definition for 'tail'
    sensitivitySGL: no visible global function definition for 'tail'
    Undefined global functions or variables:
     gray tail
    Consider adding
     importFrom("grDevices", "gray")
     importFrom("utils", "tail")
    to your NAMESPACE file.
Flavors: r-devel-linux-x86_64-debian-clang, r-devel-linux-x86_64-debian-gcc, r-devel-linux-x86_64-fedora-clang, r-devel-linux-x86_64-fedora-gcc, r-devel-windows-x86_64, r-devel-windows-x86_64-gcc10-UCRT, r-patched-linux-x86_64, r-patched-solaris-x86, r-release-linux-x86_64, r-release-macos-arm64, r-release-macos-x86_64, r-release-windows-ix86+x86_64, r-oldrel-macos-x86_64, r-oldrel-windows-ix86+x86_64

Version: 1.0-6
Check: compiled code
Result: NOTE
    File ‘sensitivityPStrat/libs/sensitivityPStrat.so’:
     Found no calls to: ‘R_registerRoutines’, ‘R_useDynamicSymbols’
    
    It is good practice to register native routines and to disable symbol
    search.
    
    See ‘Writing portable packages’ in the ‘Writing R Extensions’ manual.
Flavors: r-devel-linux-x86_64-fedora-clang, r-devel-linux-x86_64-fedora-gcc