CRAN Package Check Results for Package seqHMM

Last updated on 2019-07-16 07:51:04 CEST.

Flavor Version Tinstall Tcheck Ttotal Status Flags
r-devel-linux-x86_64-debian-clang 1.0.13 359.78 404.31 764.09 OK
r-devel-linux-x86_64-debian-gcc 1.0.13 293.97 307.46 601.43 OK
r-devel-linux-x86_64-fedora-clang 1.0.13 1074.40 NOTE
r-devel-linux-x86_64-fedora-gcc 1.0.13 1050.81 OK
r-devel-windows-ix86+x86_64 1.0.13 992.00 514.00 1506.00 NOTE
r-patched-linux-x86_64 1.0.13 338.27 404.56 742.83 OK
r-patched-solaris-x86 1.0.13 1195.30 NOTE
r-release-linux-x86_64 1.0.13 336.23 403.25 739.48 OK
r-release-windows-ix86+x86_64 1.0.13 757.00 681.00 1438.00 NOTE
r-release-osx-x86_64 1.0.13 NOTE
r-oldrel-windows-ix86+x86_64 1.0.13 982.00 496.00 1478.00 NOTE
r-oldrel-osx-x86_64 1.0.13 NOTE

Check Details

Version: 1.0.13
Check: installed package size
Result: NOTE
     installed size is 19.2Mb
     sub-directories of 1Mb or more:
     doc 6.1Mb
     libs 12.2Mb
Flavors: r-devel-linux-x86_64-fedora-clang, r-devel-windows-ix86+x86_64, r-patched-solaris-x86, r-release-windows-ix86+x86_64, r-release-osx-x86_64, r-oldrel-windows-ix86+x86_64, r-oldrel-osx-x86_64