CRAN Package Check Results for Package shinyPredict

Last updated on 2021-10-22 07:51:58 CEST.

Flavor Version Tinstall Tcheck Ttotal Status Flags
r-devel-linux-x86_64-debian-clang 0.1.1 2.05 19.26 21.31 NOTE
r-devel-linux-x86_64-debian-gcc 0.1.1 1.57 15.21 16.78 NOTE
r-devel-linux-x86_64-fedora-clang 0.1.1 36.24 NOTE
r-devel-linux-x86_64-fedora-gcc 0.1.1 25.51 NOTE
r-devel-windows-x86_64 0.1.1 4.00 30.00 34.00 NOTE
r-devel-windows-x86_64-gcc10-UCRT 0.1.1 NOTE
r-patched-linux-x86_64 0.1.1 1.72 18.89 20.61 NOTE
r-patched-solaris-x86 0.1.1 41.90 NOTE
r-release-linux-x86_64 0.1.1 1.86 18.70 20.56 NOTE
r-release-macos-arm64 0.1.1 NOTE
r-release-macos-x86_64 0.1.1 NOTE
r-release-windows-ix86+x86_64 0.1.1 4.00 39.00 43.00 NOTE
r-oldrel-macos-x86_64 0.1.1 OK
r-oldrel-windows-ix86+x86_64 0.1.1 6.00 38.00 44.00 OK

Check Details

Version: 0.1.1
Check: LazyData
Result: NOTE
     'LazyData' is specified without a 'data' directory
Flavors: r-devel-linux-x86_64-debian-clang, r-devel-linux-x86_64-debian-gcc, r-devel-linux-x86_64-fedora-clang, r-devel-linux-x86_64-fedora-gcc, r-devel-windows-x86_64, r-devel-windows-x86_64-gcc10-UCRT, r-patched-linux-x86_64, r-patched-solaris-x86, r-release-linux-x86_64, r-release-macos-arm64, r-release-macos-x86_64, r-release-windows-ix86+x86_64