CRAN Package Check Results for Package smcfcs

Last updated on 2021-10-26 06:50:38 CEST.

Flavor Version Tinstall Tcheck Ttotal Status Flags
r-devel-linux-x86_64-debian-clang 1.6.0 10.87 134.69 145.56 OK
r-devel-linux-x86_64-debian-gcc 1.6.0 7.81 98.38 106.19 OK
r-devel-linux-x86_64-fedora-clang 1.6.0 181.65 NOTE
r-devel-linux-x86_64-fedora-gcc 1.6.0 167.49 OK
r-devel-windows-x86_64 1.6.0 15.00 166.00 181.00 OK
r-devel-windows-x86_64-gcc10-UCRT 1.6.0 OK
r-patched-linux-x86_64 1.6.0 9.59 131.47 141.06 OK
r-patched-solaris-x86 1.6.0 238.30 OK
r-release-linux-x86_64 1.6.0 10.03 130.60 140.63 OK
r-release-macos-arm64 1.6.0 OK
r-release-macos-x86_64 1.6.0 OK
r-release-windows-ix86+x86_64 1.6.0 16.00 162.00 178.00 OK
r-oldrel-macos-x86_64 1.6.0 OK
r-oldrel-windows-ix86+x86_64 1.6.0 20.00 158.00 178.00 OK

Check Details

Version: 1.6.0
Check: Rd cross-references
Result: NOTE
    Undeclared package ‘mice’ in Rd xrefs
Flavor: r-devel-linux-x86_64-fedora-clang