CRAN Package Check Results for Package smcure

Last updated on 2021-10-21 07:50:10 CEST.

Flavor Version Tinstall Tcheck Ttotal Status Flags
r-devel-linux-x86_64-debian-clang 2.0 8.43 56.21 64.64 NOTE
r-devel-linux-x86_64-debian-gcc 2.0 5.76 43.82 49.58 NOTE
r-devel-linux-x86_64-fedora-clang 2.0 88.35 NOTE
r-devel-linux-x86_64-fedora-gcc 2.0 76.17 NOTE
r-devel-windows-x86_64 2.0 10.00 65.00 75.00 NOTE
r-devel-windows-x86_64-gcc10-UCRT 2.0 NOTE
r-patched-linux-x86_64 2.0 7.29 54.80 62.09 NOTE
r-patched-solaris-x86 2.0 117.00 NOTE
r-release-linux-x86_64 2.0 7.09 55.34 62.43 NOTE
r-release-macos-arm64 2.0 NOTE
r-release-macos-x86_64 2.0 NOTE
r-release-windows-ix86+x86_64 2.0 12.00 75.00 87.00 NOTE
r-oldrel-macos-x86_64 2.0 NOTE
r-oldrel-windows-ix86+x86_64 2.0 16.00 78.00 94.00 NOTE

Check Details

Version: 2.0
Check: DESCRIPTION meta-information
Result: NOTE
    Malformed Description field: should contain one or more complete sentences.
Flavors: r-devel-linux-x86_64-debian-clang, r-devel-linux-x86_64-debian-gcc, r-devel-linux-x86_64-fedora-clang, r-devel-linux-x86_64-fedora-gcc, r-devel-windows-x86_64, r-devel-windows-x86_64-gcc10-UCRT, r-patched-linux-x86_64, r-patched-solaris-x86, r-release-linux-x86_64, r-release-macos-arm64, r-release-macos-x86_64, r-release-windows-ix86+x86_64, r-oldrel-macos-x86_64, r-oldrel-windows-ix86+x86_64

Version: 2.0
Check: dependencies in R code
Result: NOTE
    Package in Depends field not imported from: 'survival'
     These packages need to be imported from (in the NAMESPACE file)
     for when this namespace is loaded but not attached.
Flavors: r-devel-linux-x86_64-debian-clang, r-devel-linux-x86_64-debian-gcc, r-devel-linux-x86_64-fedora-clang, r-devel-linux-x86_64-fedora-gcc, r-devel-windows-x86_64, r-devel-windows-x86_64-gcc10-UCRT, r-patched-linux-x86_64, r-patched-solaris-x86, r-release-linux-x86_64, r-release-macos-arm64, r-release-macos-x86_64, r-release-windows-ix86+x86_64, r-oldrel-macos-x86_64, r-oldrel-windows-ix86+x86_64

Version: 2.0
Check: R code for possible problems
Result: NOTE
    em: no visible global function definition for 'coxph'
    em: no visible global function definition for 'optim'
    plotpredictsmcure: no visible global function definition for 'matplot'
    plotpredictsmcure: no visible global function definition for 'lines'
    smcure: no visible binding for global variable 'na.omit'
    smcure: no visible global function definition for 'model.frame'
    smcure: no visible global function definition for 'model.extract'
    smcure: no visible global function definition for 'model.matrix'
    smcure: no visible global function definition for 'coxph'
    smcure: no visible global function definition for 'survreg'
    smcure: no visible binding for global variable 'var'
    smcure: no visible global function definition for 'pnorm'
    Undefined global functions or variables:
     coxph lines matplot model.extract model.frame model.matrix na.omit
     optim pnorm survreg var
    Consider adding
     importFrom("graphics", "lines", "matplot")
     importFrom("stats", "model.extract", "model.frame", "model.matrix",
     "na.omit", "optim", "pnorm", "var")
    to your NAMESPACE file.
Flavors: r-devel-linux-x86_64-debian-clang, r-devel-linux-x86_64-debian-gcc, r-devel-linux-x86_64-fedora-clang, r-devel-linux-x86_64-fedora-gcc, r-devel-windows-x86_64, r-devel-windows-x86_64-gcc10-UCRT, r-patched-linux-x86_64, r-patched-solaris-x86, r-release-linux-x86_64, r-release-macos-arm64, r-release-macos-x86_64, r-release-windows-ix86+x86_64, r-oldrel-macos-x86_64, r-oldrel-windows-ix86+x86_64