CRAN Package Check Results for Package smoothROCtime

Last updated on 2021-10-21 07:50:10 CEST.

Flavor Version Tinstall Tcheck Ttotal Status Flags
r-devel-linux-x86_64-debian-clang 0.1.0 7.75 73.60 81.35 NOTE
r-devel-linux-x86_64-debian-gcc 0.1.0 5.87 57.61 63.48 NOTE
r-devel-linux-x86_64-fedora-clang 0.1.0 107.81 NOTE
r-devel-linux-x86_64-fedora-gcc 0.1.0 100.91 NOTE
r-devel-windows-x86_64 0.1.0 11.00 98.00 109.00 NOTE
r-devel-windows-x86_64-gcc10-UCRT 0.1.0 NOTE
r-patched-linux-x86_64 0.1.0 10.38 72.53 82.91 NOTE
r-patched-solaris-x86 0.1.0 174.20 NOTE
r-release-linux-x86_64 0.1.0 6.80 72.03 78.83 NOTE
r-release-macos-arm64 0.1.0 NOTE
r-release-macos-x86_64 0.1.0 NOTE
r-release-windows-ix86+x86_64 0.1.0 12.00 103.00 115.00 NOTE
r-oldrel-macos-x86_64 0.1.0 OK
r-oldrel-windows-ix86+x86_64 0.1.0 17.00 98.00 115.00 OK

Check Details

Version: 0.1.0
Check: LazyData
Result: NOTE
     'LazyData' is specified without a 'data' directory
Flavors: r-devel-linux-x86_64-debian-clang, r-devel-linux-x86_64-debian-gcc, r-devel-linux-x86_64-fedora-clang, r-devel-linux-x86_64-fedora-gcc, r-devel-windows-x86_64, r-devel-windows-x86_64-gcc10-UCRT, r-patched-linux-x86_64, r-patched-solaris-x86, r-release-linux-x86_64, r-release-macos-arm64, r-release-macos-x86_64, r-release-windows-ix86+x86_64