CRAN Package Check Results for Package snahelper

Last updated on 2019-07-16 07:51:05 CEST.

Flavor Version Tinstall Tcheck Ttotal Status Flags
r-devel-linux-x86_64-debian-clang 0.3.0 6.21 44.85 51.06 OK
r-devel-linux-x86_64-debian-gcc 0.3.0 4.79 34.61 39.40 OK
r-devel-linux-x86_64-fedora-clang 0.3.0 63.82 NOTE
r-devel-linux-x86_64-fedora-gcc 0.3.0 58.54 NOTE
r-devel-windows-ix86+x86_64 0.3.0 21.00 51.00 72.00 OK
r-patched-linux-x86_64 0.3.0 5.36 43.01 48.37 OK
r-patched-solaris-x86 0.3.0 102.90 NOTE
r-release-linux-x86_64 0.3.0 4.45 43.19 47.64 OK
r-release-windows-ix86+x86_64 0.3.0 17.00 83.00 100.00 OK
r-release-osx-x86_64 0.3.0 NOTE
r-oldrel-windows-ix86+x86_64 0.3.0 10.00 86.00 96.00 OK
r-oldrel-osx-x86_64 0.3.0 NOTE

Check Details

Version: 0.3.0
Check: dependencies in R code
Result: NOTE
    Namespace in Imports field not imported from: ‘DT’
     All declared Imports should be used.
Flavors: r-devel-linux-x86_64-fedora-clang, r-devel-linux-x86_64-fedora-gcc, r-patched-solaris-x86, r-release-osx-x86_64, r-oldrel-osx-x86_64