CRAN Package Check Results for Package sp23design

Last updated on 2021-10-25 07:50:32 CEST.

Flavor Version Tinstall Tcheck Ttotal Status Flags
r-devel-linux-x86_64-debian-clang 0.9 8.53 67.33 75.86 NOTE
r-devel-linux-x86_64-debian-gcc 0.9 6.83 51.03 57.86 NOTE
r-devel-linux-x86_64-fedora-clang 0.9 98.48 NOTE
r-devel-linux-x86_64-fedora-gcc 0.9 89.02 NOTE
r-devel-windows-x86_64 0.9 13.00 62.00 75.00 NOTE
r-devel-windows-x86_64-gcc10-UCRT 0.9 NOTE
r-patched-linux-x86_64 0.9 7.93 63.81 71.74 NOTE
r-patched-solaris-x86 0.9 129.00 NOTE
r-release-linux-x86_64 0.9 6.84 64.50 71.34 NOTE
r-release-macos-arm64 0.9 NOTE
r-release-macos-x86_64 0.9 NOTE
r-release-windows-ix86+x86_64 0.9 14.00 82.00 96.00 NOTE
r-oldrel-macos-x86_64 0.9 NOTE
r-oldrel-windows-ix86+x86_64 0.9 19.00 86.00 105.00 NOTE

Check Details

Version: 0.9
Check: R code for possible problems
Result: NOTE
    exploreSP23Design: no visible global function definition for
     'txtProgressBar'
    exploreSP23Design: no visible global function definition for
     'setTxtProgressBar'
    generateClinicalTrialData : <anonymous>: no visible global function
     definition for 'runif'
    generateClinicalTrialData: no visible global function definition for
     'rbinom'
    generateClinicalTrialData: no visible global function definition for
     'rexp'
    mHP.b : crossingProbDiff: no visible global function definition for
     'pnorm'
    mHP.b : crossingProbDiff: no visible global function definition for
     'Miwa'
    mHP.b: no visible global function definition for 'qnorm'
    mHP.b: no visible global function definition for 'uniroot'
    mHP.c : crossingProbDiff: no visible global function definition for
     'Miwa'
    mHP.c: no visible global function definition for 'uniroot'
    mHP.c: no visible global function definition for 'qnorm'
    performInterimLook: no visible global function definition for 'optim'
    performInterimLook: no visible global function definition for
     'constrOptim'
    performInterimLook: no visible global function definition for 'qnorm'
    Undefined global functions or variables:
     Miwa constrOptim optim pnorm qnorm rbinom rexp runif
     setTxtProgressBar txtProgressBar uniroot
    Consider adding
     importFrom("stats", "constrOptim", "optim", "pnorm", "qnorm", "rbinom",
     "rexp", "runif", "uniroot")
     importFrom("utils", "setTxtProgressBar", "txtProgressBar")
    to your NAMESPACE file.
Flavors: r-devel-linux-x86_64-debian-clang, r-devel-linux-x86_64-debian-gcc, r-devel-linux-x86_64-fedora-clang, r-devel-linux-x86_64-fedora-gcc, r-devel-windows-x86_64, r-devel-windows-x86_64-gcc10-UCRT, r-patched-linux-x86_64, r-patched-solaris-x86, r-release-linux-x86_64, r-release-macos-arm64, r-release-macos-x86_64, r-release-windows-ix86+x86_64, r-oldrel-macos-x86_64, r-oldrel-windows-ix86+x86_64