CRAN Package Check Results for Package spBayesSurv

Last updated on 2021-10-22 07:51:59 CEST.

Flavor Version Tinstall Tcheck Ttotal Status Flags
r-devel-linux-x86_64-debian-clang 1.1.5 464.02 88.34 552.36 OK
r-devel-linux-x86_64-debian-gcc 1.1.5 372.99 66.49 439.48 OK
r-devel-linux-x86_64-fedora-clang 1.1.5 902.08 NOTE
r-devel-linux-x86_64-fedora-gcc 1.1.5 808.83 NOTE
r-devel-windows-x86_64 1.1.5 590.00 115.00 705.00 OK
r-devel-windows-x86_64-gcc10-UCRT 1.1.5 NOTE
r-patched-linux-x86_64 1.1.5 428.21 84.95 513.16 OK
r-patched-solaris-x86 1.1.5 703.80 NOTE
r-release-linux-x86_64 1.1.5 400.27 85.34 485.61 OK
r-release-macos-arm64 1.1.5 NOTE
r-release-macos-x86_64 1.1.5 NOTE
r-release-windows-ix86+x86_64 1.1.5 836.00 186.00 1022.00 NOTE
r-oldrel-macos-x86_64 1.1.5 NOTE
r-oldrel-windows-ix86+x86_64 1.1.5 1132.00 186.00 1318.00 NOTE

Check Details

Version: 1.1.5
Check: installed package size
Result: NOTE
     installed size is 28.0Mb
     sub-directories of 1Mb or more:
     libs 27.2Mb
Flavors: r-devel-linux-x86_64-fedora-clang, r-release-macos-arm64, r-release-macos-x86_64, r-release-windows-ix86+x86_64, r-oldrel-macos-x86_64, r-oldrel-windows-ix86+x86_64

Version: 1.1.5
Check: dependencies in R code
Result: NOTE
    Namespace in Imports field not imported from: ‘MASS’
     All declared Imports should be used.
Flavors: r-devel-linux-x86_64-fedora-clang, r-devel-linux-x86_64-fedora-gcc, r-devel-windows-x86_64-gcc10-UCRT, r-patched-solaris-x86, r-release-macos-arm64, r-release-macos-x86_64, r-oldrel-macos-x86_64