CRAN Package Check Results for Package spMaps

Last updated on 2019-07-16 07:51:06 CEST.

Flavor Version Tinstall Tcheck Ttotal Status Flags
r-devel-linux-x86_64-debian-clang 0.3 12.96 76.18 89.14 OK
r-devel-linux-x86_64-debian-gcc 0.3 10.99 60.83 71.82 OK
r-devel-linux-x86_64-fedora-clang 0.3 110.42 OK
r-devel-linux-x86_64-fedora-gcc 0.3 105.94 OK
r-devel-windows-ix86+x86_64 0.3 26.00 120.00 146.00 OK
r-patched-linux-x86_64 0.3 11.06 75.14 86.20 OK
r-patched-solaris-x86 0.3 181.70 OK
r-release-linux-x86_64 0.3 11.88 76.15 88.03 OK
r-release-windows-ix86+x86_64 0.3 20.00 83.00 103.00 OK
r-release-osx-x86_64 0.3 OK
r-oldrel-windows-ix86+x86_64 0.3 18.00 78.00 96.00 OK
r-oldrel-osx-x86_64 0.3 NOTE

Check Details

Version: 0.3
Check: package dependencies
Result: NOTE
    Package suggested but not available for checking: ‘antaresViz’
Flavor: r-oldrel-osx-x86_64

Version: 0.3
Check: Rd cross-references
Result: NOTE
    Package unavailable to check Rd xrefs: ‘antaresViz’
Flavor: r-oldrel-osx-x86_64