CRAN Package Check Results for Package spaMM

Last updated on 2019-07-16 07:51:05 CEST.

Flavor Version Tinstall Tcheck Ttotal Status Flags
r-devel-linux-x86_64-debian-clang 3.0.0 142.23 181.17 323.40 OK
r-devel-linux-x86_64-debian-gcc 3.0.0 133.08 146.69 279.77 OK
r-devel-linux-x86_64-fedora-clang 3.0.0 439.81 NOTE
r-devel-linux-x86_64-fedora-gcc 3.0.0 456.45 OK
r-devel-windows-ix86+x86_64 3.0.0 298.00 325.00 623.00 OK
r-patched-linux-x86_64 3.0.0 151.16 195.84 347.00 OK
r-patched-solaris-x86 3.0.0 452.20 OK
r-release-linux-x86_64 3.0.0 158.37 193.01 351.38 OK
r-release-windows-ix86+x86_64 3.0.0 223.00 312.00 535.00 OK
r-release-osx-x86_64 3.0.0 NOTE
r-oldrel-windows-ix86+x86_64 3.0.0 278.00 198.00 476.00 OK
r-oldrel-osx-x86_64 3.0.0 NOTE

Check Details

Version: 3.0.0
Check: installed package size
Result: NOTE
     installed size is 34.1Mb
     sub-directories of 1Mb or more:
     R 1.4Mb
     libs 31.7Mb
Flavors: r-devel-linux-x86_64-fedora-clang, r-release-osx-x86_64, r-oldrel-osx-x86_64