Last updated on 2021-04-11 19:52:21 CEST.
Flavor | Version | Tinstall | Tcheck | Ttotal | Status | Flags |
---|---|---|---|---|---|---|
r-devel-linux-x86_64-debian-clang | 0.3.0 | 6.52 | 56.91 | 63.43 | NOTE | |
r-devel-linux-x86_64-debian-gcc | 0.3.0 | 5.01 | 42.99 | 48.00 | NOTE | |
r-devel-linux-x86_64-fedora-clang | 0.3.0 | 82.89 | NOTE | |||
r-devel-linux-x86_64-fedora-gcc | 0.3.0 | 69.44 | NOTE | |||
r-devel-windows-ix86+x86_64 | 0.3.0 | 16.00 | 77.00 | 93.00 | NOTE | |
r-devel-windows-x86_64-gcc10-UCRT | 0.3.0 | NOTE | ||||
r-patched-linux-x86_64 | 0.3.0 | 5.58 | 54.39 | 59.97 | OK | |
r-patched-solaris-x86 | 0.3.0 | 108.40 | OK | |||
r-release-linux-x86_64 | 0.3.0 | 5.66 | 54.36 | 60.02 | OK | |
r-release-macos-x86_64 | 0.3.0 | OK | ||||
r-release-windows-ix86+x86_64 | 0.3.0 | 21.00 | 78.00 | 99.00 | OK | |
r-oldrel-macos-x86_64 | 0.3.0 | OK | ||||
r-oldrel-windows-ix86+x86_64 | 0.3.0 | 9.00 | 56.00 | 65.00 | OK |
Version: 0.3.0
Check: LazyData
Result: NOTE
'LazyData' is specified without a 'data' directory
Flavors: r-devel-linux-x86_64-debian-clang, r-devel-linux-x86_64-debian-gcc, r-devel-linux-x86_64-fedora-clang, r-devel-linux-x86_64-fedora-gcc, r-devel-windows-ix86+x86_64, r-devel-windows-x86_64-gcc10-UCRT