CRAN Package Check Results for Package sptm

Last updated on 2021-10-22 07:51:59 CEST.

Flavor Version Tinstall Tcheck Ttotal Status Flags
r-devel-linux-x86_64-debian-clang 2019.11-25 13.35 75.86 89.21 NOTE
r-devel-linux-x86_64-debian-gcc 2019.11-25 8.44 59.15 67.59 NOTE
r-devel-linux-x86_64-fedora-clang 2019.11-25 116.31 NOTE
r-devel-linux-x86_64-fedora-gcc 2019.11-25 106.09 NOTE
r-devel-windows-x86_64 2019.11-25 18.00 88.00 106.00 NOTE
r-devel-windows-x86_64-gcc10-UCRT 2019.11-25 NOTE
r-patched-linux-x86_64 2019.11-25 10.98 73.91 84.89 NOTE
r-patched-solaris-x86 2019.11-25 152.00 NOTE
r-release-linux-x86_64 2019.11-25 10.91 73.87 84.78 NOTE
r-release-macos-arm64 2019.11-25 NOTE
r-release-macos-x86_64 2019.11-25 NOTE
r-release-windows-ix86+x86_64 2019.11-25 20.00 137.00 157.00 NOTE
r-oldrel-macos-x86_64 2019.11-25 OK
r-oldrel-windows-ix86+x86_64 2019.11-25 28.00 139.00 167.00 OK

Check Details

Version: 2019.11-25
Check: LazyData
Result: NOTE
     'LazyData' is specified without a 'data' directory
Flavors: r-devel-linux-x86_64-debian-clang, r-devel-linux-x86_64-debian-gcc, r-devel-linux-x86_64-fedora-clang, r-devel-linux-x86_64-fedora-gcc, r-devel-windows-x86_64, r-devel-windows-x86_64-gcc10-UCRT, r-patched-linux-x86_64, r-patched-solaris-x86, r-release-linux-x86_64, r-release-macos-arm64, r-release-macos-x86_64, r-release-windows-ix86+x86_64