CRAN Package Check Results for Package stargazer

Last updated on 2021-10-16 19:52:35 CEST.

Flavor Version Tinstall Tcheck Ttotal Status Flags
r-devel-linux-x86_64-debian-clang 5.2.2 13.29 59.76 73.05 NOTE
r-devel-linux-x86_64-debian-gcc 5.2.2 9.41 44.86 54.27 NOTE
r-devel-linux-x86_64-fedora-clang 5.2.2 104.56 NOTE
r-devel-linux-x86_64-fedora-gcc 5.2.2 93.63 NOTE
r-devel-windows-x86_64 5.2.2 15.00 63.00 78.00 OK
r-devel-windows-x86_64-gcc10-UCRT 5.2.2 NOTE
r-patched-linux-x86_64 5.2.2 11.17 57.99 69.16 NOTE
r-patched-solaris-x86 5.2.2 108.90 NOTE
r-release-linux-x86_64 5.2.2 11.92 58.36 70.28 NOTE
r-release-macos-arm64 5.2.2 OK
r-release-macos-x86_64 5.2.2 OK
r-release-windows-ix86+x86_64 5.2.2 21.00 60.00 81.00 OK
r-oldrel-macos-x86_64 5.2.2 NOTE
r-oldrel-windows-ix86+x86_64 5.2.2 16.00 65.00 81.00 OK

Check Details

Version: 5.2.2
Check: package dependencies
Result: NOTE
    Package which this enhances but not available for checking: 'mnlogit'
Flavors: r-devel-linux-x86_64-debian-clang, r-devel-linux-x86_64-debian-gcc, r-devel-linux-x86_64-fedora-clang, r-devel-linux-x86_64-fedora-gcc, r-devel-windows-x86_64-gcc10-UCRT, r-patched-linux-x86_64, r-patched-solaris-x86, r-release-linux-x86_64

Version: 5.2.2
Check: package dependencies
Result: NOTE
    Package which this enhances but not available for checking: ‘Zelig’
Flavor: r-oldrel-macos-x86_64