CRAN Package Check Results for Package starma

Last updated on 2019-07-16 07:51:06 CEST.

Flavor Version Tinstall Tcheck Ttotal Status Flags
r-devel-linux-x86_64-debian-clang 1.3 39.43 50.74 90.17 OK
r-devel-linux-x86_64-debian-gcc 1.3 33.38 38.92 72.30 OK
r-devel-linux-x86_64-fedora-clang 1.3 122.96 NOTE
r-devel-linux-x86_64-fedora-gcc 1.3 122.98 NOTE
r-devel-windows-ix86+x86_64 1.3 125.00 89.00 214.00 OK
r-patched-linux-x86_64 1.3 38.64 50.09 88.73 OK
r-patched-solaris-x86 1.3 152.20 OK
r-release-linux-x86_64 1.3 39.65 48.96 88.61 OK
r-release-windows-ix86+x86_64 1.3 85.00 136.00 221.00 OK
r-release-osx-x86_64 1.3 OK
r-oldrel-windows-ix86+x86_64 1.3 104.00 94.00 198.00 OK
r-oldrel-osx-x86_64 1.3 OK

Check Details

Version: 1.3
Check: compiled code
Result: NOTE
    File ‘starma/libs/starma.so’:
     Found no calls to: ‘R_registerRoutines’, ‘R_useDynamicSymbols’
    
    It is good practice to register native routines and to disable symbol
    search.
    
    See ‘Writing portable packages’ in the ‘Writing R Extensions’ manual.
Flavors: r-devel-linux-x86_64-fedora-clang, r-devel-linux-x86_64-fedora-gcc