CRAN Package Check Results for Package stpm

Last updated on 2021-10-16 07:49:23 CEST.

Flavor Version Tinstall Tcheck Ttotal Status Flags
r-devel-linux-x86_64-debian-clang 1.7.10 230.51 458.55 689.06 OK
r-devel-linux-x86_64-debian-gcc 1.7.10 160.98 321.15 482.13 OK
r-devel-linux-x86_64-fedora-clang 1.7.10 910.04 NOTE
r-devel-linux-x86_64-fedora-gcc 1.7.10 841.34 OK
r-devel-windows-x86_64 1.7.10 238.00 396.00 634.00 OK
r-devel-windows-x86_64-gcc10-UCRT 1.7.10 OK
r-patched-linux-x86_64 1.7.10 191.82 425.36 617.18 OK
r-patched-solaris-x86 1.7.10 931.00 OK
r-release-linux-x86_64 1.7.10 200.52 422.99 623.51 OK
r-release-macos-arm64 1.7.10 NOTE
r-release-macos-x86_64 1.7.10 NOTE
r-release-windows-ix86+x86_64 1.7.10 496.00 560.00 1056.00 NOTE
r-oldrel-macos-x86_64 1.7.10 NOTE
r-oldrel-windows-ix86+x86_64 1.7.10 496.00 540.00 1036.00 NOTE

Check Details

Version: 1.7.10
Check: installed package size
Result: NOTE
     installed size is 9.2Mb
     sub-directories of 1Mb or more:
     libs 6.8Mb
Flavors: r-devel-linux-x86_64-fedora-clang, r-release-macos-arm64, r-release-macos-x86_64, r-release-windows-ix86+x86_64, r-oldrel-macos-x86_64, r-oldrel-windows-ix86+x86_64