Last updated on 2021-04-13 07:47:59 CEST.
Flavor | Version | Tinstall | Tcheck | Ttotal | Status | Flags |
---|---|---|---|---|---|---|
r-devel-linux-x86_64-debian-clang | 1.5.3 | 159.53 | 57.46 | 216.99 | OK | |
r-devel-linux-x86_64-debian-gcc | 1.5.3 | 96.68 | 43.71 | 140.39 | OK | |
r-devel-linux-x86_64-fedora-clang | 1.5.3 | 318.43 | NOTE | |||
r-devel-linux-x86_64-fedora-gcc | 1.5.3 | 248.76 | OK | |||
r-devel-windows-ix86+x86_64 | 1.5.3 | 1421.00 | 129.00 | 1550.00 | NOTE | |
r-devel-windows-x86_64-gcc10-UCRT | 1.5.3 | WARN | ||||
r-patched-linux-x86_64 | 1.5.3 | 147.36 | 53.94 | 201.30 | OK | |
r-patched-solaris-x86 | 1.5.3 | 463.30 | WARN | |||
r-release-linux-x86_64 | 1.5.3 | 120.50 | 53.72 | 174.22 | OK | |
r-release-macos-x86_64 | 1.5.3 | NOTE | ||||
r-release-windows-ix86+x86_64 | 1.5.3 | 1163.00 | 106.00 | 1269.00 | NOTE | |
r-oldrel-macos-x86_64 | 1.5.3 | NOTE | ||||
r-oldrel-windows-ix86+x86_64 | 1.5.3 | 1175.00 | 146.00 | 1321.00 | NOTE |
Version: 1.5.3
Check: installed package size
Result: NOTE
installed size is 6.1Mb
sub-directories of 1Mb or more:
libs 5.3Mb
Flavors: r-devel-linux-x86_64-fedora-clang, r-devel-windows-ix86+x86_64, r-patched-solaris-x86, r-release-macos-x86_64, r-release-windows-ix86+x86_64, r-oldrel-macos-x86_64, r-oldrel-windows-ix86+x86_64
Version: 1.5.3
Check: whether package can be installed
Result: WARN
Found the following significant warnings:
icu61/common/cstring.h:43:70: warning: 'char* strncpy(char*, const char*, size_t)' output may be truncated copying 156 bytes from a string of length 156 [-Wstringop-truncation]
Flavor: r-devel-windows-x86_64-gcc10-UCRT
Version: 1.5.3
Check: line endings in C/C++/Fortran sources/headers
Result: NOTE
Found the following sources/headers with CR or CRLF line endings:
src/uconfig_local.h
Some Unix compilers require LF line endings.
Flavor: r-devel-windows-x86_64-gcc10-UCRT
Version: 1.5.3
Check: whether package can be installed
Result: WARN
Found the following significant warnings:
icu55/unicode/urename.h:979:48: warning: ‘int32_t uidna_toASCII_55_stringi(const UChar*, int32_t, UChar*, int32_t, int32_t, UParseError*, UErrorCode*)’ is deprecated [-Wdeprecated-declarations]
icu55/common/uidna.cpp:513:85: warning: ‘int32_t uidna_toASCII_55_stringi(const UChar*, int32_t, UChar*, int32_t, int32_t, UParseError*, UErrorCode*)’ is deprecated [-Wdeprecated-declarations]
icu55/common/uidna.cpp:526:80: warning: ‘int32_t uidna_toASCII_55_stringi(const UChar*, int32_t, UChar*, int32_t, int32_t, UParseError*, UErrorCode*)’ is deprecated [-Wdeprecated-declarations]
icu55/unicode/urename.h:966:51: warning: ‘int32_t uidna_IDNToASCII_55_stringi(const UChar*, int32_t, UChar*, int32_t, int32_t, UParseError*, UErrorCode*)’ is deprecated [-Wdeprecated-declarations]
icu55/common/uidna.cpp:876:87: warning: ‘int32_t uidna_IDNToASCII_55_stringi(const UChar*, int32_t, UChar*, int32_t, int32_t, UParseError*, UErrorCode*)’ is deprecated [-Wdeprecated-declarations]
icu55/common/uidna.cpp:887:83: warning: ‘int32_t uidna_IDNToASCII_55_stringi(const UChar*, int32_t, UChar*, int32_t, int32_t, UParseError*, UErrorCode*)’ is deprecated [-Wdeprecated-declarations]
icu55/common/uidna.cpp:891:85: warning: ‘int32_t uidna_IDNToASCII_55_stringi(const UChar*, int32_t, UChar*, int32_t, int32_t, UParseError*, UErrorCode*)’ is deprecated [-Wdeprecated-declarations]
icu55/common/uidna.cpp:902:86: warning: ‘int32_t uidna_IDNToASCII_55_stringi(const UChar*, int32_t, UChar*, int32_t, int32_t, UParseError*, UErrorCode*)’ is deprecated [-Wdeprecated-declarations]
icu55/unicode/urename.h:758:54: warning: ‘uint32_t ucol_setVariableTop_55_stringi(UCollator*, const UChar*, int32_t, UErrorCode*)’ is deprecated [-Wdeprecated-declarations]
icu55/i18n/ucol_sit.cpp:543:92: warning: ‘uint32_t ucol_setVariableTop_55_stringi(UCollator*, const UChar*, int32_t, UErrorCode*)’ is deprecated [-Wdeprecated-declarations]
icu55/unicode/urename.h:749:58: warning: ‘void ucol_restoreVariableTop_55_stringi(UCollator*, uint32_t, UErrorCode*)’ is deprecated [-Wdeprecated-declarations]
icu55/i18n/ucol_sit.cpp:545:71: warning: ‘void ucol_restoreVariableTop_55_stringi(UCollator*, uint32_t, UErrorCode*)’ is deprecated [-Wdeprecated-declarations]
Flavor: r-patched-solaris-x86