CRAN Package Check Results for Package subscreen

Last updated on 2021-10-26 06:50:39 CEST.

Flavor Version Tinstall Tcheck Ttotal Status Flags
r-devel-linux-x86_64-debian-clang 3.0.5 4.70 43.62 48.32 NOTE
r-devel-linux-x86_64-debian-gcc 3.0.5 3.65 34.37 38.02 NOTE
r-devel-linux-x86_64-fedora-clang 3.0.5 68.57 NOTE
r-devel-linux-x86_64-fedora-gcc 3.0.5 57.93 NOTE
r-devel-windows-x86_64 3.0.5 9.00 74.00 83.00 NOTE
r-devel-windows-x86_64-gcc10-UCRT 3.0.5 NOTE
r-patched-linux-x86_64 3.0.5 4.20 42.36 46.56 NOTE
r-patched-solaris-x86 3.0.5 94.60 NOTE
r-release-linux-x86_64 3.0.5 4.99 41.60 46.59 NOTE
r-release-macos-arm64 3.0.5 NOTE
r-release-macos-x86_64 3.0.5 NOTE
r-release-windows-ix86+x86_64 3.0.5 10.00 67.00 77.00 NOTE
r-oldrel-macos-x86_64 3.0.5 NOTE
r-oldrel-windows-ix86+x86_64 3.0.5 12.00 68.00 80.00 OK

Check Details

Version: 3.0.5
Check: LazyData
Result: NOTE
     'LazyData' is specified without a 'data' directory
Flavors: r-devel-linux-x86_64-debian-clang, r-devel-linux-x86_64-debian-gcc, r-devel-linux-x86_64-fedora-clang, r-devel-linux-x86_64-fedora-gcc, r-devel-windows-x86_64, r-devel-windows-x86_64-gcc10-UCRT, r-patched-linux-x86_64, r-patched-solaris-x86, r-release-linux-x86_64, r-release-macos-arm64, r-release-macos-x86_64, r-release-windows-ix86+x86_64

Version: 3.0.5
Check: dependencies in R code
Result: NOTE
    Namespaces in Imports field not imported from:
     ‘DT’ ‘bsplus’ ‘colourpicker’ ‘grDevices’ ‘graphics’ ‘jsonlite’
     ‘purrr’ ‘shinyWidgets’ ‘shinyjs’
     All declared Imports should be used.
Flavors: r-devel-linux-x86_64-fedora-clang, r-devel-linux-x86_64-fedora-gcc, r-devel-windows-x86_64-gcc10-UCRT, r-patched-solaris-x86, r-release-macos-arm64, r-release-macos-x86_64, r-oldrel-macos-x86_64