CRAN Package Check Results for Package support.CEs

Last updated on 2021-10-22 07:52:00 CEST.

Flavor Version Tinstall Tcheck Ttotal Status Flags
r-devel-linux-x86_64-debian-clang 0.5-0 4.21 41.35 45.56 OK
r-devel-linux-x86_64-debian-gcc 0.5-0 3.07 32.21 35.28 OK
r-devel-linux-x86_64-fedora-clang 0.5-0 67.91 NOTE
r-devel-linux-x86_64-fedora-gcc 0.5-0 59.27 OK
r-devel-windows-x86_64 0.5-0 7.00 57.00 64.00 OK
r-devel-windows-x86_64-gcc10-UCRT 0.5-0 OK
r-patched-linux-x86_64 0.5-0 4.25 39.97 44.22 OK
r-patched-solaris-x86 0.5-0 83.20 OK
r-release-linux-x86_64 0.5-0 4.27 40.08 44.35 OK
r-release-macos-arm64 0.5-0 OK
r-release-macos-x86_64 0.5-0 OK
r-release-windows-ix86+x86_64 0.5-0 6.00 65.00 71.00 OK
r-oldrel-macos-x86_64 0.5-0 OK
r-oldrel-windows-ix86+x86_64 0.5-0 9.00 69.00 78.00 OK

Check Details

Version: 0.5-0
Check: Rd cross-references
Result: NOTE
    Undeclared package ‘mded’ in Rd xrefs
Flavor: r-devel-linux-x86_64-fedora-clang