CRAN Package Check Results for Package survAWKMT2

Last updated on 2021-10-15 19:52:10 CEST.

Flavor Version Tinstall Tcheck Ttotal Status Flags
r-devel-linux-x86_64-debian-clang 1.0.0 7.04 59.45 66.49 NOTE
r-devel-linux-x86_64-debian-gcc 1.0.0 5.80 45.76 51.56 NOTE
r-devel-linux-x86_64-fedora-clang 1.0.0 88.82 NOTE
r-devel-linux-x86_64-fedora-gcc 1.0.0 77.78 NOTE
r-devel-windows-x86_64 1.0.0 8.00 59.00 67.00 NOTE
r-devel-windows-x86_64-gcc10-UCRT 1.0.0 NOTE
r-patched-linux-x86_64 1.0.0 6.94 57.61 64.55 NOTE
r-patched-solaris-x86 1.0.0 122.90 NOTE
r-release-linux-x86_64 1.0.0 7.39 57.07 64.46 NOTE
r-release-macos-arm64 1.0.0 NOTE
r-release-macos-x86_64 1.0.0 NOTE
r-release-windows-ix86+x86_64 1.0.0 16.00 72.00 88.00 NOTE
r-oldrel-macos-x86_64 1.0.0 OK
r-oldrel-windows-ix86+x86_64 1.0.0 16.00 78.00 94.00 OK

Check Details

Version: 1.0.0
Check: LazyData
Result: NOTE
     'LazyData' is specified without a 'data' directory
Flavors: r-devel-linux-x86_64-debian-clang, r-devel-linux-x86_64-debian-gcc, r-devel-linux-x86_64-fedora-clang, r-devel-linux-x86_64-fedora-gcc, r-devel-windows-x86_64, r-devel-windows-x86_64-gcc10-UCRT, r-patched-linux-x86_64, r-patched-solaris-x86, r-release-linux-x86_64, r-release-macos-arm64, r-release-macos-x86_64, r-release-windows-ix86+x86_64