CRAN Package Check Results for Package survRM2

Last updated on 2021-10-16 07:49:24 CEST.

Flavor Version Tinstall Tcheck Ttotal Status Flags
r-devel-linux-x86_64-debian-clang 1.0-3 8.12 78.60 86.72 NOTE
r-devel-linux-x86_64-debian-gcc 1.0-3 5.64 57.93 63.57 NOTE
r-devel-linux-x86_64-fedora-clang 1.0-3 110.51 NOTE
r-devel-linux-x86_64-fedora-gcc 1.0-3 97.18 NOTE
r-devel-windows-x86_64 1.0-3 11.00 74.00 85.00 NOTE
r-devel-windows-x86_64-gcc10-UCRT 1.0-3 NOTE
r-patched-linux-x86_64 1.0-3 7.25 72.99 80.24 NOTE
r-patched-solaris-x86 1.0-3 146.70 NOTE
r-release-linux-x86_64 1.0-3 7.92 72.50 80.42 NOTE
r-release-macos-arm64 1.0-3 NOTE
r-release-macos-x86_64 1.0-3 NOTE
r-release-windows-ix86+x86_64 1.0-3 17.00 102.00 119.00 NOTE
r-oldrel-macos-x86_64 1.0-3 OK
r-oldrel-windows-ix86+x86_64 1.0-3 17.00 101.00 118.00 OK

Check Details

Version: 1.0-3
Check: LazyData
Result: NOTE
     'LazyData' is specified without a 'data' directory
Flavors: r-devel-linux-x86_64-debian-clang, r-devel-linux-x86_64-debian-gcc, r-devel-linux-x86_64-fedora-clang, r-devel-linux-x86_64-fedora-gcc, r-devel-windows-x86_64, r-devel-windows-x86_64-gcc10-UCRT, r-patched-linux-x86_64, r-patched-solaris-x86, r-release-linux-x86_64, r-release-macos-arm64, r-release-macos-x86_64, r-release-windows-ix86+x86_64