CRAN Package Check Results for Package survRM2adapt

Last updated on 2021-10-21 07:50:11 CEST.

Flavor Version Tinstall Tcheck Ttotal Status Flags
r-devel-linux-x86_64-debian-clang 1.0-1 6.85 60.26 67.11 NOTE
r-devel-linux-x86_64-debian-gcc 1.0-1 5.67 46.62 52.29 NOTE
r-devel-linux-x86_64-fedora-clang 1.0-1 91.43 NOTE
r-devel-linux-x86_64-fedora-gcc 1.0-1 81.32 NOTE
r-devel-windows-x86_64 1.0-1 11.00 68.00 79.00 NOTE
r-devel-windows-x86_64-gcc10-UCRT 1.0-1 NOTE
r-patched-linux-x86_64 1.0-1 7.42 58.39 65.81 NOTE
r-patched-solaris-x86 1.0-1 125.20 NOTE
r-release-linux-x86_64 1.0-1 5.70 58.08 63.78 NOTE
r-release-macos-arm64 1.0-1 NOTE
r-release-macos-x86_64 1.0-1 NOTE
r-release-windows-ix86+x86_64 1.0-1 12.00 82.00 94.00 NOTE
r-oldrel-macos-x86_64 1.0-1 OK
r-oldrel-windows-ix86+x86_64 1.0-1 16.00 81.00 97.00 OK

Check Details

Version: 1.0-1
Check: LazyData
Result: NOTE
     'LazyData' is specified without a 'data' directory
Flavors: r-devel-linux-x86_64-debian-clang, r-devel-linux-x86_64-debian-gcc, r-devel-linux-x86_64-fedora-clang, r-devel-linux-x86_64-fedora-gcc, r-devel-windows-x86_64, r-devel-windows-x86_64-gcc10-UCRT, r-patched-linux-x86_64, r-patched-solaris-x86, r-release-linux-x86_64, r-release-macos-arm64, r-release-macos-x86_64, r-release-windows-ix86+x86_64