CRAN Package Check Results for Package survRatio

Last updated on 2021-10-22 07:52:00 CEST.

Flavor Version Tinstall Tcheck Ttotal Status Flags
r-devel-linux-x86_64-debian-clang 0.1 11.22 153.15 164.37 NOTE
r-devel-linux-x86_64-debian-gcc 0.1 8.89 110.04 118.93 NOTE
r-devel-linux-x86_64-fedora-clang 0.1 203.88 NOTE
r-devel-linux-x86_64-fedora-gcc 0.1 188.49 NOTE
r-devel-windows-x86_64 0.1 19.00 151.00 170.00 NOTE
r-devel-windows-x86_64-gcc10-UCRT 0.1 NOTE
r-patched-linux-x86_64 0.1 10.34 142.77 153.11 NOTE
r-patched-solaris-x86 0.1 263.80 NOTE
r-release-linux-x86_64 0.1 9.86 141.30 151.16 NOTE
r-release-macos-arm64 0.1 NOTE
r-release-macos-x86_64 0.1 NOTE
r-release-windows-ix86+x86_64 0.1 29.00 179.00 208.00 NOTE
r-oldrel-macos-x86_64 0.1 OK
r-oldrel-windows-ix86+x86_64 0.1 31.00 186.00 217.00 OK

Check Details

Version: 0.1
Check: LazyData
Result: NOTE
     'LazyData' is specified without a 'data' directory
Flavors: r-devel-linux-x86_64-debian-clang, r-devel-linux-x86_64-debian-gcc, r-devel-linux-x86_64-fedora-clang, r-devel-linux-x86_64-fedora-gcc, r-devel-windows-x86_64, r-devel-windows-x86_64-gcc10-UCRT, r-patched-linux-x86_64, r-patched-solaris-x86, r-release-linux-x86_64, r-release-macos-arm64, r-release-macos-x86_64, r-release-windows-ix86+x86_64