CRAN Package Check Results for Package survSNP

Last updated on 2021-10-16 07:49:24 CEST.

Flavor Version Tinstall Tcheck Ttotal Status Flags
r-devel-linux-x86_64-debian-clang 0.25 14.99 176.23 191.22 OK
r-devel-linux-x86_64-debian-gcc 0.25 12.29 129.66 141.95 OK
r-devel-linux-x86_64-fedora-clang 0.25 249.45 OK
r-devel-linux-x86_64-fedora-gcc 0.25 243.66 OK
r-devel-windows-x86_64 0.25 25.00 218.00 243.00 OK
r-devel-windows-x86_64-gcc10-UCRT 0.24 OK
r-patched-linux-x86_64 0.25 16.76 169.79 186.55 OK
r-patched-solaris-x86 0.25 299.20 OK
r-release-linux-x86_64 0.24 17.38 166.18 183.56 WARN
r-release-macos-arm64 0.24 OK
r-release-macos-x86_64 0.25 OK
r-release-windows-ix86+x86_64 0.25 33.00 192.00 225.00 OK
r-oldrel-macos-x86_64 0.25 OK
r-oldrel-windows-ix86+x86_64 0.24 43.00 254.00 297.00 OK

Check Details

Version: 0.24
Check: top-level files
Result: WARN
     Output from running autoreconf:
     configure.ac:32: warning: AC_OUTPUT should be used without arguments.
     configure.ac:32: You should run autoupdate.
Flavor: r-release-linux-x86_64