CRAN Package Check Results for Package tempcyclesdata

Last updated on 2019-07-16 07:51:09 CEST.

Flavor Version Tinstall Tcheck Ttotal Status Flags
r-devel-linux-x86_64-debian-clang 1.0.1 4.81 20.44 25.25 OK
r-devel-linux-x86_64-debian-gcc 1.0.1 4.86 16.94 21.80 OK
r-devel-linux-x86_64-fedora-clang 1.0.1 31.18 NOTE
r-devel-linux-x86_64-fedora-gcc 1.0.1 31.12 OK
r-devel-windows-ix86+x86_64 1.0.1 12.00 32.00 44.00 NOTE
r-patched-linux-x86_64 1.0.1 5.43 20.27 25.70 OK
r-patched-solaris-x86 1.0.1 51.50 NOTE
r-release-linux-x86_64 1.0.1 5.41 19.92 25.33 OK
r-release-windows-ix86+x86_64 1.0.1 9.00 47.00 56.00 NOTE
r-release-osx-x86_64 1.0.1 NOTE
r-oldrel-windows-ix86+x86_64 1.0.1 9.00 45.00 54.00 NOTE
r-oldrel-osx-x86_64 1.0.1 NOTE

Check Details

Version: 1.0.1
Check: installed package size
Result: NOTE
     installed size is 6.0Mb
     sub-directories of 1Mb or more:
     data 5.9Mb
Flavors: r-devel-linux-x86_64-fedora-clang, r-devel-windows-ix86+x86_64, r-patched-solaris-x86, r-release-windows-ix86+x86_64, r-release-osx-x86_64, r-oldrel-windows-ix86+x86_64, r-oldrel-osx-x86_64