CRAN Package Check Results for Package tidyr

Last updated on 2019-07-16 07:51:09 CEST.

Flavor Version Tinstall Tcheck Ttotal Status Flags
r-devel-linux-x86_64-debian-clang 0.8.3 29.14 45.39 74.53 OK
r-devel-linux-x86_64-debian-gcc 0.8.3 25.97 35.93 61.90 OK
r-devel-linux-x86_64-fedora-clang 0.8.3 100.84 NOTE
r-devel-linux-x86_64-fedora-gcc 0.8.3 95.53 NOTE
r-devel-windows-ix86+x86_64 0.8.3 89.00 79.00 168.00 OK
r-patched-linux-x86_64 0.8.3 28.22 44.64 72.86 OK
r-patched-solaris-x86 0.8.3 126.90 NOTE
r-release-linux-x86_64 0.8.3 29.17 44.38 73.55 OK
r-release-windows-ix86+x86_64 0.8.3 63.00 119.00 182.00 OK
r-release-osx-x86_64 0.8.3 NOTE
r-oldrel-windows-ix86+x86_64 0.8.3 72.00 123.00 195.00 OK
r-oldrel-osx-x86_64 0.8.3 NOTE

Check Details

Version: 0.8.3
Check: data for non-ASCII characters
Result: NOTE
     Note: found 23 marked UTF-8 strings
Flavors: r-devel-linux-x86_64-fedora-clang, r-devel-linux-x86_64-fedora-gcc, r-patched-solaris-x86, r-release-osx-x86_64, r-oldrel-osx-x86_64