CRAN Package Check Results for Package traitr

Last updated on 2019-07-16 07:51:09 CEST.

Flavor Version Tinstall Tcheck Ttotal Status Flags
r-devel-linux-x86_64-debian-clang 0.14 4.98 43.67 48.65 NOTE
r-devel-linux-x86_64-debian-gcc 0.14 4.49 36.09 40.58 NOTE
r-devel-linux-x86_64-fedora-clang 0.14 61.17 NOTE
r-devel-linux-x86_64-fedora-gcc 0.14 59.32 NOTE
r-devel-windows-ix86+x86_64 0.14 13.00 53.00 66.00 NOTE
r-patched-linux-x86_64 0.14 4.71 44.07 48.78 NOTE
r-patched-solaris-x86 0.14 88.20 NOTE
r-release-linux-x86_64 0.14 5.52 43.66 49.18 NOTE
r-release-windows-ix86+x86_64 0.14 10.00 86.00 96.00 NOTE
r-release-osx-x86_64 0.14 NOTE
r-oldrel-windows-ix86+x86_64 0.14 11.00 80.00 91.00 NOTE
r-oldrel-osx-x86_64 0.14 NOTE

Check Details

Version: 0.14
Check: DESCRIPTION meta-information
Result: NOTE
    Malformed Title field: should not end in a period.
Flavors: r-devel-linux-x86_64-debian-clang, r-devel-linux-x86_64-debian-gcc, r-devel-linux-x86_64-fedora-clang, r-devel-linux-x86_64-fedora-gcc, r-devel-windows-ix86+x86_64, r-patched-linux-x86_64, r-patched-solaris-x86, r-release-linux-x86_64, r-release-windows-ix86+x86_64, r-release-osx-x86_64, r-oldrel-windows-ix86+x86_64, r-oldrel-osx-x86_64