CRAN Package Check Results for Package tranSurv

Last updated on 2021-10-16 07:49:25 CEST.

Flavor Version Tinstall Tcheck Ttotal Status Flags
r-devel-linux-x86_64-debian-clang 1.2.2 10.53 81.93 92.46 NOTE
r-devel-linux-x86_64-debian-gcc 1.2.2 10.18 63.48 73.66 NOTE
r-devel-linux-x86_64-fedora-clang 1.2.2 124.70 NOTE
r-devel-linux-x86_64-fedora-gcc 1.2.2 112.91 NOTE
r-devel-windows-x86_64 1.2.2 19.00 77.00 96.00 NOTE
r-devel-windows-x86_64-gcc10-UCRT 1.2.2 NOTE
r-patched-linux-x86_64 1.2.2 10.92 81.36 92.28 NOTE
r-patched-solaris-x86 1.2.2 167.80 NOTE
r-release-linux-x86_64 1.2.2 10.08 80.85 90.93 NOTE
r-release-macos-arm64 1.2.2 NOTE
r-release-macos-x86_64 1.2.2 NOTE
r-release-windows-ix86+x86_64 1.2.2 27.00 143.00 170.00 NOTE
r-oldrel-macos-x86_64 1.2.2 OK
r-oldrel-windows-ix86+x86_64 1.2.2 26.00 143.00 169.00 OK

Check Details

Version: 1.2.2
Check: LazyData
Result: NOTE
     'LazyData' is specified without a 'data' directory
Flavors: r-devel-linux-x86_64-debian-clang, r-devel-linux-x86_64-debian-gcc, r-devel-linux-x86_64-fedora-clang, r-devel-linux-x86_64-fedora-gcc, r-devel-windows-x86_64, r-devel-windows-x86_64-gcc10-UCRT, r-patched-linux-x86_64, r-patched-solaris-x86, r-release-linux-x86_64, r-release-macos-arm64, r-release-macos-x86_64, r-release-windows-ix86+x86_64