CRAN Package Check Results for Package tufterhandout

Last updated on 2019-07-16 07:51:10 CEST.

Flavor Version Tinstall Tcheck Ttotal Status Flags
r-devel-linux-x86_64-debian-clang 1.2.1 2.49 28.61 31.10 NOTE
r-devel-linux-x86_64-debian-gcc 1.2.1 1.86 23.21 25.07 NOTE
r-devel-linux-x86_64-fedora-clang 1.2.1 37.17 NOTE
r-devel-linux-x86_64-fedora-gcc 1.2.1 36.52 NOTE
r-devel-windows-ix86+x86_64 1.2.1 11.00 44.00 55.00 NOTE
r-patched-linux-x86_64 1.2.1 2.34 28.63 30.97 NOTE
r-patched-solaris-x86 1.2.1 61.90 NOTE
r-release-linux-x86_64 1.2.1 1.77 28.49 30.26 NOTE
r-release-windows-ix86+x86_64 1.2.1 5.00 70.00 75.00 NOTE
r-release-osx-x86_64 1.2.1 NOTE
r-oldrel-windows-ix86+x86_64 1.2.1 6.00 41.00 47.00 NOTE
r-oldrel-osx-x86_64 1.2.1 NOTE

Check Details

Version: 1.2.1
Check: DESCRIPTION meta-information
Result: NOTE
    Malformed Description field: should contain one or more complete sentences.
Flavors: r-devel-linux-x86_64-debian-clang, r-devel-linux-x86_64-debian-gcc, r-devel-linux-x86_64-fedora-clang, r-devel-linux-x86_64-fedora-gcc, r-devel-windows-ix86+x86_64, r-patched-linux-x86_64, r-patched-solaris-x86, r-release-linux-x86_64, r-release-windows-ix86+x86_64, r-release-osx-x86_64, r-oldrel-windows-ix86+x86_64, r-oldrel-osx-x86_64