CRAN Package Check Results for Package valorate

Last updated on 2021-10-25 07:50:35 CEST.

Flavor Version Tinstall Tcheck Ttotal Status Flags
r-devel-linux-x86_64-debian-clang 1.0-1 10.89 79.46 90.35 OK
r-devel-linux-x86_64-debian-gcc 1.0-1 7.56 63.00 70.56 OK
r-devel-linux-x86_64-fedora-clang 1.0-1 121.38 NOTE
r-devel-linux-x86_64-fedora-gcc 1.0-1 107.59 NOTE
r-devel-windows-x86_64 1.0-1 18.00 84.00 102.00 OK
r-devel-windows-x86_64-gcc10-UCRT 1.0-1 OK
r-patched-linux-x86_64 1.0-1 9.56 78.35 87.91 OK
r-patched-solaris-x86 1.0-1 149.90 OK
r-release-linux-x86_64 1.0-1 9.09 77.57 86.66 OK
r-release-macos-arm64 1.0-1 OK
r-release-macos-x86_64 1.0-1 OK
r-release-windows-ix86+x86_64 1.0-1 19.00 135.00 154.00 OK
r-oldrel-macos-x86_64 1.0-1 OK
r-oldrel-windows-ix86+x86_64 1.0-1 25.00 141.00 166.00 OK

Check Details

Version: 1.0-1
Check: compiled code
Result: NOTE
    File ‘valorate/libs/valorate.so’:
     Found no calls to: ‘R_registerRoutines’, ‘R_useDynamicSymbols’
    
    It is good practice to register native routines and to disable symbol
    search.
    
    See ‘Writing portable packages’ in the ‘Writing R Extensions’ manual.
Flavors: r-devel-linux-x86_64-fedora-clang, r-devel-linux-x86_64-fedora-gcc