CRAN Package Check Results for Package varrank

Last updated on 2019-07-16 07:51:10 CEST.

Flavor Version Tinstall Tcheck Ttotal Status Flags
r-devel-linux-x86_64-debian-clang 0.2 2.62 173.33 175.95 OK
r-devel-linux-x86_64-debian-gcc 0.2 1.97 130.11 132.08 OK
r-devel-linux-x86_64-fedora-clang 0.2 211.87 OK
r-devel-linux-x86_64-fedora-gcc 0.2 193.36 OK
r-devel-windows-ix86+x86_64 0.2 8.00 93.00 101.00 OK
r-patched-linux-x86_64 0.2 2.39 161.08 163.47 OK
r-patched-solaris-x86 0.2 949.50 WARN
r-release-linux-x86_64 0.2 2.01 162.46 164.47 OK
r-release-windows-ix86+x86_64 0.2 5.00 134.00 139.00 OK
r-release-osx-x86_64 0.2 OK
r-oldrel-windows-ix86+x86_64 0.2 6.00 100.00 106.00 OK
r-oldrel-osx-x86_64 0.2 OK

Check Details

Version: 0.2
Check: package dependencies
Result: NOTE
    Package suggested but not available for checking: ‘FSelector’
Flavor: r-patched-solaris-x86

Version: 0.2
Check: re-building of vignette outputs
Result: WARN
    Error(s) in re-building vignettes:
     ...
    --- re-building ‘varrank.Rmd’ using knitr
    Loading required package: randomForest
    randomForest 4.6-14
    Type rfNews() to see new features/changes/bug fixes.
    
    Attaching package: 'randomForest'
    
    The following object is masked from 'package:ranger':
    
     importance
    
    The following object is masked from 'package:ggplot2':
    
     margin
    
    Loading required package: parallel
    Quitting from lines 123-126 (varrank.Rmd)
    Error: processing vignette 'varrank.Rmd' failed with diagnostics:
    there is no package called 'FSelector'
    --- failed re-building ‘varrank.Rmd’
    
    SUMMARY: processing the following file failed:
     ‘varrank.Rmd’
    
    Error: Vignette re-building failed.
    Execution halted
Flavor: r-patched-solaris-x86