CRAN Package Check Results for Package vennLasso

Last updated on 2021-10-26 06:50:42 CEST.

Flavor Version Tinstall Tcheck Ttotal Status Flags
r-devel-linux-x86_64-debian-clang 0.1.6 76.90 193.10 270.00 NOTE
r-devel-linux-x86_64-debian-gcc 0.1.6 69.63 143.17 212.80 NOTE
r-devel-linux-x86_64-fedora-clang 0.1.6 365.37 NOTE
r-devel-linux-x86_64-fedora-gcc 0.1.6 348.33 NOTE
r-devel-windows-x86_64 0.1.6 94.00 255.00 349.00 NOTE
r-devel-windows-x86_64-gcc10-UCRT 0.1.6 NOTE
r-patched-linux-x86_64 0.1.6 78.85 185.12 263.97 NOTE
r-patched-solaris-x86 0.1.6 293.70 NOTE
r-release-linux-x86_64 0.1.6 83.30 184.48 267.78 NOTE
r-release-macos-arm64 0.1.6 NOTE
r-release-macos-x86_64 0.1.6 NOTE
r-release-windows-ix86+x86_64 0.1.6 123.00 270.00 393.00 NOTE
r-oldrel-macos-x86_64 0.1.6 NOTE
r-oldrel-windows-ix86+x86_64 0.1.6 172.00 317.00 489.00 OK

Check Details

Version: 0.1.6
Check: LazyData
Result: NOTE
     'LazyData' is specified without a 'data' directory
Flavors: r-devel-linux-x86_64-debian-clang, r-devel-linux-x86_64-debian-gcc, r-devel-linux-x86_64-fedora-clang, r-devel-linux-x86_64-fedora-gcc, r-devel-windows-x86_64, r-devel-windows-x86_64-gcc10-UCRT, r-patched-linux-x86_64, r-patched-solaris-x86, r-release-linux-x86_64, r-release-macos-arm64, r-release-macos-x86_64, r-release-windows-ix86+x86_64

Version: 0.1.6
Check: installed package size
Result: NOTE
     installed size is 22.7Mb
     sub-directories of 1Mb or more:
     libs 22.2Mb
Flavors: r-devel-linux-x86_64-fedora-clang, r-release-macos-arm64, r-release-macos-x86_64, r-oldrel-macos-x86_64