CRAN Package Check Results for Package vietnamcode

Last updated on 2019-07-16 07:51:10 CEST.

Flavor Version Tinstall Tcheck Ttotal Status Flags
r-devel-linux-x86_64-debian-clang 0.1.1 1.16 18.28 19.44 OK
r-devel-linux-x86_64-debian-gcc 0.1.1 1.28 14.50 15.78 OK
r-devel-linux-x86_64-fedora-clang 0.1.1 23.61 NOTE
r-devel-linux-x86_64-fedora-gcc 0.1.1 22.34 NOTE
r-devel-windows-ix86+x86_64 0.1.1 5.00 28.00 33.00 OK
r-patched-linux-x86_64 0.1.1 1.44 17.99 19.43 OK
r-patched-solaris-x86 0.1.1 39.30 NOTE
r-release-linux-x86_64 0.1.1 1.38 18.15 19.53 OK
r-release-windows-ix86+x86_64 0.1.1 4.00 42.00 46.00 OK
r-release-osx-x86_64 0.1.1 NOTE
r-oldrel-windows-ix86+x86_64 0.1.1 4.00 29.00 33.00 OK
r-oldrel-osx-x86_64 0.1.1 NOTE

Check Details

Version: 0.1.1
Check: data for non-ASCII characters
Result: NOTE
     Note: found 60 marked UTF-8 strings
Flavors: r-devel-linux-x86_64-fedora-clang, r-devel-linux-x86_64-fedora-gcc, r-patched-solaris-x86, r-release-osx-x86_64, r-oldrel-osx-x86_64