CRAN Package Check Results for Package vines

Last updated on 2019-07-16 07:51:10 CEST.

Flavor Version Tinstall Tcheck Ttotal Status Flags
r-devel-linux-x86_64-debian-clang 1.1.5 11.79 83.08 94.87 OK
r-devel-linux-x86_64-debian-gcc 1.1.5 10.25 66.95 77.20 OK
r-devel-linux-x86_64-fedora-clang 1.1.5 113.93 NOTE
r-devel-linux-x86_64-fedora-gcc 1.1.5 111.51 NOTE
r-devel-windows-ix86+x86_64 1.1.5 37.00 123.00 160.00 OK
r-patched-linux-x86_64 1.1.5 9.99 83.67 93.66 OK
r-patched-solaris-x86 1.1.5 180.50 OK
r-release-linux-x86_64 1.1.5 11.59 85.73 97.32 OK
r-release-windows-ix86+x86_64 1.1.5 27.00 176.00 203.00 OK
r-release-osx-x86_64 1.1.5 OK
r-oldrel-windows-ix86+x86_64 1.1.5 26.00 129.00 155.00 OK
r-oldrel-osx-x86_64 1.1.5 OK

Check Details

Version: 1.1.5
Check: compiled code
Result: NOTE
    File ‘vines/libs/vines.so’:
     Found no call to: ‘R_useDynamicSymbols’
    
    It is good practice to register native routines and to disable symbol
    search.
    
    See ‘Writing portable packages’ in the ‘Writing R Extensions’ manual.
Flavors: r-devel-linux-x86_64-fedora-clang, r-devel-linux-x86_64-fedora-gcc