CRAN Package Check Results for Package vsd

Last updated on 2021-10-22 07:52:02 CEST.

Flavor Version Tinstall Tcheck Ttotal Status Flags
r-devel-linux-x86_64-debian-clang 0.1.0 9.23 86.57 95.80 OK
r-devel-linux-x86_64-debian-gcc 0.1.0 7.67 64.65 72.32 OK
r-devel-linux-x86_64-fedora-clang 0.1.0 124.57 NOTE
r-devel-linux-x86_64-fedora-gcc 0.1.0 111.01 NOTE
r-devel-windows-x86_64 0.1.0 15.00 88.00 103.00 OK
r-devel-windows-x86_64-gcc10-UCRT 0.1.0 NOTE
r-patched-linux-x86_64 0.1.0 14.48 82.63 97.11 OK
r-patched-solaris-x86 0.1.0 165.70 NOTE
r-release-linux-x86_64 0.1.0 9.07 81.02 90.09 OK
r-release-macos-arm64 0.1.0 NOTE
r-release-macos-x86_64 0.1.0 NOTE
r-release-windows-ix86+x86_64 0.1.0 24.00 108.00 132.00 OK
r-oldrel-macos-x86_64 0.1.0 NOTE
r-oldrel-windows-ix86+x86_64 0.1.0 25.00 109.00 134.00 OK

Check Details

Version: 0.1.0
Check: dependencies in R code
Result: NOTE
    Namespace in Imports field not imported from: ‘flexsurv’
     All declared Imports should be used.
Flavors: r-devel-linux-x86_64-fedora-clang, r-devel-linux-x86_64-fedora-gcc, r-devel-windows-x86_64-gcc10-UCRT, r-patched-solaris-x86, r-release-macos-arm64, r-release-macos-x86_64, r-oldrel-macos-x86_64