CRAN Package Check Results for Package walrus

Last updated on 2019-07-16 07:51:11 CEST.

Flavor Version Tinstall Tcheck Ttotal Status Flags
r-devel-linux-x86_64-debian-clang 1.0.3 12.97 24.44 37.41 OK
r-devel-linux-x86_64-debian-gcc 1.0.3 10.99 19.57 30.56 OK
r-devel-linux-x86_64-fedora-clang 1.0.3 48.55 NOTE
r-devel-linux-x86_64-fedora-gcc 1.0.3 46.67 NOTE
r-devel-windows-ix86+x86_64 1.0.3 25.00 36.00 61.00 OK
r-patched-linux-x86_64 1.0.3 12.62 24.13 36.75 OK
r-patched-solaris-x86 1.0.3 67.70 NOTE
r-release-linux-x86_64 1.0.3 12.68 24.79 37.47 OK
r-release-windows-ix86+x86_64 1.0.3 20.00 45.00 65.00 OK
r-release-osx-x86_64 1.0.3 NOTE
r-oldrel-windows-ix86+x86_64 1.0.3 20.00 39.00 59.00 OK
r-oldrel-osx-x86_64 1.0.3 NOTE

Check Details

Version: 1.0.3
Check: dependencies in R code
Result: NOTE
    Namespaces in Imports field not imported from:
     ‘R6’ ‘WRS2’ ‘ggplot2’
     All declared Imports should be used.
Flavors: r-devel-linux-x86_64-fedora-clang, r-devel-linux-x86_64-fedora-gcc, r-patched-solaris-x86, r-release-osx-x86_64, r-oldrel-osx-x86_64